uppose 4*g = -5*t + 188, 5*t = -0*t + 20. Calculate the remainder when g is divided by 11.
9
What is the remainder when 5/15 - 294/(-9) is divided by 9?
6
Let d(n) be the second derivative of 5*n**4/12 + n**3/6 + 5*n. Calculate the remainder when 11 is divided by d(1).
5
Let c(i) = i - 1. Let k be 3 - 3 - (-4)/1. Let z be c(k). Suppose -5*s = t - 26, -z*s - 18 = -0*t - 5*t. What is the remainder when 16 is divided by t?
4
Let t(j) = 2*j**2 + j + 4. Let q be (40/25)/((-4)/(-10)). What is the remainder when t(q) is divided by 14?
12
Suppose 5*d = 8*d - 45. Calculate the remainder when ((-9)/(-2) + -1)*12 is divided by d.
12
Suppose 0 = 2*k - 0 + 10, 4*k + 3 = -h. Suppose -g + h = 2. Calculate the remainder when (-1)/((-2)/172*2) is divided by g.
13
Suppose 0*r = 4*r. Suppose r*c + 2*c = 4. Suppose -c*v + 56 = 2*v - u, -u + 64 = 4*v. Calculate the remainder when 29 is divided by v.
14
What is the remainder when (-142)/(-3) - (-3)/(-9) is divided by 13?
8
Let a(d) = -15*d - 1. Suppose -2 - 13 = -5*g. Suppose -l + 5*l + g*p = 114, 3*l + 5*p = 91. What is the remainder when l is divided by a(-1)?
13
Let n(k) = -k**2 + 3*k - 1. Let y be n(6). Let b = 27 + y. What is the remainder when 13 is divided by b?
5
Let c = -25 + 47. Let v be 2/(4/6) + -1. Suppose 2*l = 0, v*g + 2*g - 3*l = 32. What is the remainder when c is divided by g?
6
Suppose y - 3*c = -2*y + 66, -c = 3*y - 58. Suppose -18 = -o + 2*l, -3*l + 85 + y = 4*o. Suppose -3 - o = -3*g. What is the remainder when 25 is divided by g?
7
Let t(a) = 4*a - 28. Calculate the remainder when 18 is divided by t(8).
2
Let p = 32 + -6. What is the remainder when 51 is divided by p?
25
Suppose 2*t - 6 = 2. What is the remainder when t is divided by 3?
1
Suppose -4*h = 4*i - 116, 3 + 1 = -2*h. What is the remainder when i is divided by 17?
14
Let w = -10 - -17. Suppose 3 = -t + k + k, -3*t - 4*k = -21. Let p = w + t. Calculate the remainder when 19 is divided by p.
9
Let r(j) = 5*j**3 - j**2 + 2*j - 1. Suppose -4*l - l + 30 = 0. Suppose 0 = -d - 4*z + 25, 2*d = l*d - z - 32. Calculate the remainder when d is divided by r(1).
4
Let x be 1/(-3)*(-18 - -6). Let y(j) = j**2 + 4*j - 1. Calculate the remainder when y(x) is divided by 8.
7
Suppose -2*q + 3*q - 50 = 5*c, -c = -3*q + 206. Calculate the remainder when q is divided by 18.
16
What is the remainder when 167 is divided by ((0 - 1) + -13)/(1*-1)?
13
Suppose 27 = 4*l - v, 3*l + 8 = 3*v + 35. What is the remainder when ((-16)/(-4) - 6)*-8 is divided by l?
4
Let k be 0/((-2)/(-2)*2). Suppose -4*i + 4*u - 22 = -7*i, -i + u - 2 = k. What is the remainder when 3 is divided by i?
1
Let b(g) = 2*g**2 + g - 8. What is the remainder when b(7) is divided by 20?
17
Let t(w) = 5*w**2 - 3*w. Let o be 11/3 - (-6)/(-9). Suppose 0*j + o*j = 6. Calculate the remainder when 40 is divided by t(j).
12
Let n be ((-26)/14 + 1)*-7. Calculate the remainder when ((-10)/n)/(-5)*57 is divided by 7.
5
Let l be (-2)/((12/(-15))/2). Let f be 22/6 + l/15. What is the remainder when ((-345)/(-5))/(6/f) is divided by 12?
10
Suppose 2*b - 8 - 6 = 0. Calculate the remainder when 34 is divided by b.
6
Suppose 2*l + 4*g - 14 = 0, l + 2*l + g - 31 = 0. Suppose -l*f + 7*f + 8 = 0. Calculate the remainder when 5 is divided by f.
1
What is the remainder when 71 is divided by 6*3*20/24?
11
Suppose j - 20 = 31. Calculate the remainder when j is divided by 26.
25
Let u(r) = -r - 7. Let p be u(9). Let m = -2 - p. Suppose 0*f - 9 = 3*f + 3*n, -m = 3*f + 4*n. Calculate the remainder when 7 is divided by f.
1
Let o = 17 + 1. Calculate the remainder when 87 is divided by o.
15
Suppose 0*g + 5*g - 50 = 0. Let b be (-4 - -3) + g/2. Suppose -b = -i + 4. Calculate the remainder when 23 is divided by i.
7
Let f(k) = 3*k**3 + 3*k**2 - 4*k + 1. Calculate the remainder when 45 is divided by f(1).
0
Let s = -19 - -20. Calculate the remainder when 9 is divided by s.
0
Let b = -17 + 31. Suppose z = s - b, 0*z - 3*z = -4*s + 54. Calculate the remainder when 21 is divided by s.
9
Let w(r) = r**2 + 6*r + 6. Calculate the remainder when 25 is divided by w(-7).
12
Let z = -6 + 9. What is the remainder when 11 is divided by -6*z/(-2 + -1)?
5
Let y(l) = -15*l + 9. Let v be y(-7). Suppose 5*t + 39 - v = 5*m, -5*t - 4*m = -39. What is the remainder when 31 is divided by t?
9
Let w(h) = 3*h + 3. Let b(n) = 4*n + 5. Let u(m) = -5*b(m) + 7*w(m). Calculate the remainder when 7 is divided by u(7).
1
Suppose 73 = 3*n - i, 6*i = -3*n + i + 49. Let h be (1/(-2))/((-4)/(-32)). Let z = 12 + h. What is the remainder when n is divided by z?
7
Let o = -9 + 15. Calculate the remainder when 8/(-12) - 204/(-9) is divided by o.
4
Suppose -2*y + 41 = 5*p, -y = -2*p - 2*p + 38. Let s(d) = 33*d**2 - d + 1. Calculate the remainder when s(1) is divided by p.
6
Suppose j - 19 = -2*n, -j + 26 = 3*j - 2*n. Let y(k) = 7*k - 3. What is the remainder when y(4) is divided by j?
7
Suppose -4*j - 5*t - 20 = -7*j, 5*j - 3*t = 44. Calculate the remainder when 23 is divided by j.
3
Suppose 49 = 3*c - 4*m, -3*m + 39 = 5*c - 33. Suppose 0 = -3*i - i. Suppose i = 3*a - 19 - 5. Calculate the remainder when c is divided by a.
7
Suppose -19 = -3*n + 11. Suppose 0 = -4*r + 6 + n, -2*r + 12 = -2*d. Calculate the remainder when 7 is divided by (d/(-4))/((-4)/(-24)).
1
Suppose -116 + 26 = -5*k. What is the remainder when 44 is divided by k?
8
Let x be 4/(-6)*(29 + 1). Let g = 50 + x. Calculate the remainder when g is divided by 20 + -4 + 2 - 2.
14
Suppose 0 = -3*o + 39 + 9. What is the remainder when 76 is divided by o?
12
Let k(p) = -p**3 - 2*p**2 - 2. Let r be k(-2). Let v = -4 - r. Calculate the remainder when (2/(-3))/(v/6) is divided by 2.
0
Suppose -7*h + 3*h = -16. Let d(u) = u**2 + 8*u + 4. Let v be d(-8). What is the remainder when h is divided by (-9)/2*v/(-6)?
1
Suppose -23 = -2*s + 29. Calculate the remainder when s is divided by 10.
6
Let w(h) = h + 19. Let q = -5 - 3. Calculate the remainder when 32 is divided by w(q).
10
Suppose 0 = -0*k + 2*k - 10. What is the remainder when k is divided by -1*(3 - 40/12)*6?
1
Let a(l) = -l**2 + l + 1. Let i be a(-4). Let s = -8 - i. Calculate the remainder when 41 - 0/(2*-1) is divided by s.
8
Suppose 0 = -5*d + 38 - 3. What is the remainder when 16 is divided by d?
2
Let b = 20 - -3. What is the remainder when 91 is divided by b?
22
Suppose 19 = -4*z + 63. What is the remainder when 32 is divided by z?
10
Let h = 76 - 57. Calculate the remainder when 52 is divided by h.
14
Let d = -4 + 20. Calculate the remainder when 189 is divided by d.
13
Suppose 0 = d + 2*k - 32, -3*d - 3*k = -4*d + 22. What is the remainder when 111 is divided by d?
27
Let j = -5 + -2. Let z = j - -44. What is the remainder when z is divided by 19?
18
Suppose -p - 1 + 3 = 0. Let k be p/(-1) + 47 - -1. Suppose 0*b = b - k. Calculate the remainder when b is divided by 16.
14
Let o(m) = m + 7. Let k be o(-6). Let z = 1 + k. Let q = -5 - -8. What is the remainder when q is divided by z?
1
Let x(v) = -v**2 - 3*v + 1. Let y be x(-3). What is the remainder when (4/6)/(y/3) is divided by 1?
0
Suppose -w - 2*r = 2*r - 24, 27 = 3*w + 3*r. Let l = w + -1. Suppose 4*o - 182 = -5*k, 3*o - 2*o - l = 0. What is the remainder when k is divided by 18?
16
What is the remainder when (-513)/3*(-2 + 20/15) is divided by 24?
18
Let x = -20 - -8. Let f = x + 29. Let j = -5 + 11. Calculate the remainder when f is divided by j.
5
Let b(f) = -f**3 - 4*f**2 - 6*f - 12. What is the remainder when b(-5) is divided by 22?
21
Suppose -9*c + 50 = -4*c. Suppose 2*r - c = 0, 0*r - 119 = -3*t + 2*r. What is the remainder when t is divided by 15?
13
Let s = 94 - 36. Calculate the remainder when s is divided by 15.
13
Suppose -2*z + z = 0. Suppose 6*q - 147 = q + b, 3*q - 5*b - 75 = z. Let p = 45 - q. Calculate the remainder when 57 is divided by p.
12
Let r(u) = -3*u**2 - 2*u. Let l be r(-2). Let x be 114/24 + (-2)/l. Suppose -5*g = 0, -4*t = -t + x*g - 87. What is the remainder when t is divided by 10?
9
Let a(n) = -7*n - 11. Let y be a(-8). Suppose -5*k + 20 = -y. Calculate the remainder when 37 is divided by k.
11
Let n be ((-2)/3)/(4/(-24)). Suppose n*c - 115 = -c. Calculate the remainder when c is divided by 12.
11
Let d = 11 + -8. Calculate the remainder when 3 is divid